{"id":17836,"date":"2023-11-21T11:41:03","date_gmt":"2023-11-21T14:41:03","guid":{"rendered":"https:\/\/papelarte.com.uy\/minorista\/minorista\/\/?post_type=product&#038;p=17836"},"modified":"2024-07-31T15:29:17","modified_gmt":"2024-07-31T18:29:17","slug":"corrector-cinta-teoria-6-mm-x-5-m","status":"publish","type":"product","link":"https:\/\/papelarte.com.uy\/minorista\/producto\/corrector-cinta-teoria-6-mm-x-5-m\/","title":{"rendered":"Corrector cinta teor\u00eda 6 mm x 5 m"},"content":{"rendered":"<p>Corrector cinta teor\u00eda 6 mm x 5 m<\/p>\n<p>Cinta correctora con cuerpo de color y dise\u00f1o anat\u00f3mico que otorga una mejor sujeci\u00f3n y f\u00e1cil deslizamiento sobre el papel. Permite escribir inmediatamente luego de aplicar. 5mm de ancho y 6 metros de largo. Disponible en tres colores, rojo, azul y negro<br \/>\nPresentaci\u00f3n: Unidad<\/p>\n","protected":false},"excerpt":{"rendered":"<p>Corrector cinta teor\u00eda 6 mm x 5 m Cinta correctora con cuerpo de color y dise\u00f1o anat\u00f3mico que otorga una mejor sujeci\u00f3n y f\u00e1cil deslizamiento sobre el papel. Permite escribir inmediatamente luego de aplicar. 5mm de ancho y 6 metros de largo. Disponible en tres colores, rojo, azul y negro Presentaci\u00f3n: Unidad<\/p>\n","protected":false},"featured_media":17838,"comment_status":"open","ping_status":"closed","template":"","meta":{"_joinchat":[]},"product_brand":[],"product_cat":[2898,4308],"product_tag":[4778,4692,4569],"class_list":{"0":"post-17836","1":"product","2":"type-product","3":"status-publish","4":"has-post-thumbnail","6":"product_cat-correctores","7":"product_cat-teoria","8":"product_tag-corrector","9":"product_tag-papeleria","10":"product_tag-teoria","12":"first","13":"instock","14":"shipping-taxable","15":"purchasable","16":"product-type-simple"},"bundled_by":[],"bundle_stock_status":"instock","bundle_stock_quantity":null,"bundle_virtual":false,"bundle_layout":"","bundle_add_to_cart_form_location":"","bundle_editable_in_cart":false,"bundle_sold_individually_context":"","bundle_item_grouping":"","bundle_min_size":"","bundle_max_size":"","bundle_price":[],"bundled_items":[],"bundle_sell_ids":[],"yoast_head":"<!-- This site is optimized with the Yoast SEO plugin v26.5 - https:\/\/yoast.com\/wordpress\/plugins\/seo\/ -->\n<title>Corrector cinta teor\u00eda 6 mm x 5 m - Papelarte<\/title>\n<meta name=\"description\" content=\"Corrector cinta teor\u00eda 6 mm x 5 m\" \/>\n<meta name=\"robots\" content=\"index, follow, max-snippet:-1, max-image-preview:large, max-video-preview:-1\" \/>\n<link rel=\"canonical\" href=\"https:\/\/papelarte.com.uy\/minorista\/minorista\/producto\/corrector-cinta-teoria-6-mm-x-5-m\/\" \/>\n<meta property=\"og:locale\" content=\"es_ES\" \/>\n<meta property=\"og:type\" content=\"article\" \/>\n<meta property=\"og:title\" content=\"Corrector cinta teor\u00eda 6 mm x 5 m - Papelarte\" \/>\n<meta property=\"og:description\" content=\"Corrector cinta teor\u00eda 6 mm x 5 m\" \/>\n<meta property=\"og:url\" content=\"https:\/\/papelarte.com.uy\/minorista\/minorista\/producto\/corrector-cinta-teoria-6-mm-x-5-m\/\" \/>\n<meta property=\"og:site_name\" content=\"Papelarte\" \/>\n<meta property=\"article:modified_time\" content=\"2024-07-31T18:29:17+00:00\" \/>\n<meta property=\"og:image\" content=\"https:\/\/papelarte.com.uy\/minorista\/minorista\/wp-content\/uploads\/2023\/11\/cor915-b-corrector-en-cinta-cuerpo-de-color-blister-teoriaMW9XXU-th.jpg\" \/>\n\t<meta property=\"og:image:width\" content=\"250\" \/>\n\t<meta property=\"og:image:height\" content=\"250\" \/>\n\t<meta property=\"og:image:type\" content=\"image\/jpeg\" \/>\n<meta name=\"twitter:card\" content=\"summary_large_image\" \/>\n<script type=\"application\/ld+json\" class=\"yoast-schema-graph\">{\"@context\":\"https:\/\/schema.org\",\"@graph\":[{\"@type\":\"WebPage\",\"@id\":\"https:\/\/papelarte.com.uy\/minorista\/minorista\/producto\/corrector-cinta-teoria-6-mm-x-5-m\/\",\"url\":\"https:\/\/papelarte.com.uy\/minorista\/minorista\/producto\/corrector-cinta-teoria-6-mm-x-5-m\/\",\"name\":\"Corrector cinta teor\u00eda 6 mm x 5 m - Papelarte\",\"isPartOf\":{\"@id\":\"https:\/\/papelarte.com.uy\/minorista\/minorista\/#website\"},\"primaryImageOfPage\":{\"@id\":\"https:\/\/papelarte.com.uy\/minorista\/minorista\/producto\/corrector-cinta-teoria-6-mm-x-5-m\/#primaryimage\"},\"image\":{\"@id\":\"https:\/\/papelarte.com.uy\/minorista\/minorista\/producto\/corrector-cinta-teoria-6-mm-x-5-m\/#primaryimage\"},\"thumbnailUrl\":\"https:\/\/papelarte.com.uy\/minorista\/wp-content\/uploads\/2023\/11\/cor915-b-corrector-en-cinta-cuerpo-de-color-blister-teoriaMW9XXU-th.jpg\",\"datePublished\":\"2023-11-21T14:41:03+00:00\",\"dateModified\":\"2024-07-31T18:29:17+00:00\",\"description\":\"Corrector cinta teor\u00eda 6 mm x 5 m\",\"breadcrumb\":{\"@id\":\"https:\/\/papelarte.com.uy\/minorista\/minorista\/producto\/corrector-cinta-teoria-6-mm-x-5-m\/#breadcrumb\"},\"inLanguage\":\"es\",\"potentialAction\":[{\"@type\":\"ReadAction\",\"target\":[\"https:\/\/papelarte.com.uy\/minorista\/minorista\/producto\/corrector-cinta-teoria-6-mm-x-5-m\/\"]}]},{\"@type\":\"ImageObject\",\"inLanguage\":\"es\",\"@id\":\"https:\/\/papelarte.com.uy\/minorista\/minorista\/producto\/corrector-cinta-teoria-6-mm-x-5-m\/#primaryimage\",\"url\":\"https:\/\/papelarte.com.uy\/minorista\/wp-content\/uploads\/2023\/11\/cor915-b-corrector-en-cinta-cuerpo-de-color-blister-teoriaMW9XXU-th.jpg\",\"contentUrl\":\"https:\/\/papelarte.com.uy\/minorista\/wp-content\/uploads\/2023\/11\/cor915-b-corrector-en-cinta-cuerpo-de-color-blister-teoriaMW9XXU-th.jpg\",\"width\":250,\"height\":250,\"caption\":\"Corrector cinta teor\u00eda 6 mm x 5 m\"},{\"@type\":\"BreadcrumbList\",\"@id\":\"https:\/\/papelarte.com.uy\/minorista\/minorista\/producto\/corrector-cinta-teoria-6-mm-x-5-m\/#breadcrumb\",\"itemListElement\":[{\"@type\":\"ListItem\",\"position\":1,\"name\":\"Portada\",\"item\":\"https:\/\/papelarte.com.uy\/minorista\/minorista\/\"},{\"@type\":\"ListItem\",\"position\":2,\"name\":\"Productos\",\"item\":\"https:\/\/papelarte.com.uy\/minorista\/minorista\/tienda\/\"},{\"@type\":\"ListItem\",\"position\":3,\"name\":\"Corrector cinta teor\u00eda 6 mm x 5 m\"}]},{\"@type\":\"WebSite\",\"@id\":\"https:\/\/papelarte.com.uy\/minorista\/minorista\/#website\",\"url\":\"https:\/\/papelarte.com.uy\/minorista\/minorista\/\",\"name\":\"Papelarte\",\"description\":\"Papeler\u00eda Uruguay\",\"publisher\":{\"@id\":\"https:\/\/papelarte.com.uy\/minorista\/minorista\/#organization\"},\"potentialAction\":[{\"@type\":\"SearchAction\",\"target\":{\"@type\":\"EntryPoint\",\"urlTemplate\":\"https:\/\/papelarte.com.uy\/minorista\/minorista\/?s={search_term_string}\"},\"query-input\":{\"@type\":\"PropertyValueSpecification\",\"valueRequired\":true,\"valueName\":\"search_term_string\"}}],\"inLanguage\":\"es\"},{\"@type\":\"Organization\",\"@id\":\"https:\/\/papelarte.com.uy\/minorista\/minorista\/#organization\",\"name\":\"Papelarte\",\"url\":\"https:\/\/papelarte.com.uy\/minorista\/minorista\/\",\"logo\":{\"@type\":\"ImageObject\",\"inLanguage\":\"es\",\"@id\":\"https:\/\/papelarte.com.uy\/minorista\/minorista\/#\/schema\/logo\/image\/\",\"url\":\"https:\/\/papelarte.com.uy\/minorista\/wp-content\/uploads\/2023\/03\/logo-papelarte.png\",\"contentUrl\":\"https:\/\/papelarte.com.uy\/minorista\/wp-content\/uploads\/2023\/03\/logo-papelarte.png\",\"width\":568,\"height\":230,\"caption\":\"Papelarte\"},\"image\":{\"@id\":\"https:\/\/papelarte.com.uy\/minorista\/minorista\/#\/schema\/logo\/image\/\"}}]}<\/script>\n<!-- \/ Yoast SEO plugin. -->","yoast_head_json":{"title":"Corrector cinta teor\u00eda 6 mm x 5 m - Papelarte","description":"Corrector cinta teor\u00eda 6 mm x 5 m","robots":{"index":"index","follow":"follow","max-snippet":"max-snippet:-1","max-image-preview":"max-image-preview:large","max-video-preview":"max-video-preview:-1"},"canonical":"https:\/\/papelarte.com.uy\/minorista\/minorista\/producto\/corrector-cinta-teoria-6-mm-x-5-m\/","og_locale":"es_ES","og_type":"article","og_title":"Corrector cinta teor\u00eda 6 mm x 5 m - Papelarte","og_description":"Corrector cinta teor\u00eda 6 mm x 5 m","og_url":"https:\/\/papelarte.com.uy\/minorista\/minorista\/producto\/corrector-cinta-teoria-6-mm-x-5-m\/","og_site_name":"Papelarte","article_modified_time":"2024-07-31T18:29:17+00:00","og_image":[{"width":250,"height":250,"url":"https:\/\/papelarte.com.uy\/minorista\/minorista\/wp-content\/uploads\/2023\/11\/cor915-b-corrector-en-cinta-cuerpo-de-color-blister-teoriaMW9XXU-th.jpg","type":"image\/jpeg"}],"twitter_card":"summary_large_image","schema":{"@context":"https:\/\/schema.org","@graph":[{"@type":"WebPage","@id":"https:\/\/papelarte.com.uy\/minorista\/minorista\/producto\/corrector-cinta-teoria-6-mm-x-5-m\/","url":"https:\/\/papelarte.com.uy\/minorista\/minorista\/producto\/corrector-cinta-teoria-6-mm-x-5-m\/","name":"Corrector cinta teor\u00eda 6 mm x 5 m - Papelarte","isPartOf":{"@id":"https:\/\/papelarte.com.uy\/minorista\/minorista\/#website"},"primaryImageOfPage":{"@id":"https:\/\/papelarte.com.uy\/minorista\/minorista\/producto\/corrector-cinta-teoria-6-mm-x-5-m\/#primaryimage"},"image":{"@id":"https:\/\/papelarte.com.uy\/minorista\/minorista\/producto\/corrector-cinta-teoria-6-mm-x-5-m\/#primaryimage"},"thumbnailUrl":"https:\/\/papelarte.com.uy\/minorista\/wp-content\/uploads\/2023\/11\/cor915-b-corrector-en-cinta-cuerpo-de-color-blister-teoriaMW9XXU-th.jpg","datePublished":"2023-11-21T14:41:03+00:00","dateModified":"2024-07-31T18:29:17+00:00","description":"Corrector cinta teor\u00eda 6 mm x 5 m","breadcrumb":{"@id":"https:\/\/papelarte.com.uy\/minorista\/minorista\/producto\/corrector-cinta-teoria-6-mm-x-5-m\/#breadcrumb"},"inLanguage":"es","potentialAction":[{"@type":"ReadAction","target":["https:\/\/papelarte.com.uy\/minorista\/minorista\/producto\/corrector-cinta-teoria-6-mm-x-5-m\/"]}]},{"@type":"ImageObject","inLanguage":"es","@id":"https:\/\/papelarte.com.uy\/minorista\/minorista\/producto\/corrector-cinta-teoria-6-mm-x-5-m\/#primaryimage","url":"https:\/\/papelarte.com.uy\/minorista\/wp-content\/uploads\/2023\/11\/cor915-b-corrector-en-cinta-cuerpo-de-color-blister-teoriaMW9XXU-th.jpg","contentUrl":"https:\/\/papelarte.com.uy\/minorista\/wp-content\/uploads\/2023\/11\/cor915-b-corrector-en-cinta-cuerpo-de-color-blister-teoriaMW9XXU-th.jpg","width":250,"height":250,"caption":"Corrector cinta teor\u00eda 6 mm x 5 m"},{"@type":"BreadcrumbList","@id":"https:\/\/papelarte.com.uy\/minorista\/minorista\/producto\/corrector-cinta-teoria-6-mm-x-5-m\/#breadcrumb","itemListElement":[{"@type":"ListItem","position":1,"name":"Portada","item":"https:\/\/papelarte.com.uy\/minorista\/minorista\/"},{"@type":"ListItem","position":2,"name":"Productos","item":"https:\/\/papelarte.com.uy\/minorista\/minorista\/tienda\/"},{"@type":"ListItem","position":3,"name":"Corrector cinta teor\u00eda 6 mm x 5 m"}]},{"@type":"WebSite","@id":"https:\/\/papelarte.com.uy\/minorista\/minorista\/#website","url":"https:\/\/papelarte.com.uy\/minorista\/minorista\/","name":"Papelarte","description":"Papeler\u00eda Uruguay","publisher":{"@id":"https:\/\/papelarte.com.uy\/minorista\/minorista\/#organization"},"potentialAction":[{"@type":"SearchAction","target":{"@type":"EntryPoint","urlTemplate":"https:\/\/papelarte.com.uy\/minorista\/minorista\/?s={search_term_string}"},"query-input":{"@type":"PropertyValueSpecification","valueRequired":true,"valueName":"search_term_string"}}],"inLanguage":"es"},{"@type":"Organization","@id":"https:\/\/papelarte.com.uy\/minorista\/minorista\/#organization","name":"Papelarte","url":"https:\/\/papelarte.com.uy\/minorista\/minorista\/","logo":{"@type":"ImageObject","inLanguage":"es","@id":"https:\/\/papelarte.com.uy\/minorista\/minorista\/#\/schema\/logo\/image\/","url":"https:\/\/papelarte.com.uy\/minorista\/wp-content\/uploads\/2023\/03\/logo-papelarte.png","contentUrl":"https:\/\/papelarte.com.uy\/minorista\/wp-content\/uploads\/2023\/03\/logo-papelarte.png","width":568,"height":230,"caption":"Papelarte"},"image":{"@id":"https:\/\/papelarte.com.uy\/minorista\/minorista\/#\/schema\/logo\/image\/"}}]}},"_links":{"self":[{"href":"https:\/\/papelarte.com.uy\/minorista\/wp-json\/wp\/v2\/product\/17836","targetHints":{"allow":["GET"]}}],"collection":[{"href":"https:\/\/papelarte.com.uy\/minorista\/wp-json\/wp\/v2\/product"}],"about":[{"href":"https:\/\/papelarte.com.uy\/minorista\/wp-json\/wp\/v2\/types\/product"}],"replies":[{"embeddable":true,"href":"https:\/\/papelarte.com.uy\/minorista\/wp-json\/wp\/v2\/comments?post=17836"}],"wp:featuredmedia":[{"embeddable":true,"href":"https:\/\/papelarte.com.uy\/minorista\/wp-json\/wp\/v2\/media\/17838"}],"wp:attachment":[{"href":"https:\/\/papelarte.com.uy\/minorista\/wp-json\/wp\/v2\/media?parent=17836"}],"wp:term":[{"taxonomy":"product_brand","embeddable":true,"href":"https:\/\/papelarte.com.uy\/minorista\/wp-json\/wp\/v2\/product_brand?post=17836"},{"taxonomy":"product_cat","embeddable":true,"href":"https:\/\/papelarte.com.uy\/minorista\/wp-json\/wp\/v2\/product_cat?post=17836"},{"taxonomy":"product_tag","embeddable":true,"href":"https:\/\/papelarte.com.uy\/minorista\/wp-json\/wp\/v2\/product_tag?post=17836"}],"curies":[{"name":"wp","href":"https:\/\/api.w.org\/{rel}","templated":true}]}}