{"id":16543,"date":"2023-10-25T11:25:30","date_gmt":"2023-10-25T14:25:30","guid":{"rendered":"https:\/\/papelarte.com.uy\/minorista\/minorista\/\/?post_type=product&#038;p=16543"},"modified":"2024-09-11T09:15:29","modified_gmt":"2024-09-11T12:15:29","slug":"marcador-x6-stabilo-point88-fluo","status":"publish","type":"product","link":"https:\/\/papelarte.com.uy\/minorista\/producto\/marcador-x6-stabilo-point88-fluo\/","title":{"rendered":"Marcadores x6 resaltador x6 fluo point 88 stabilo"},"content":{"rendered":"<p>Marcador x6 stabilo point88 fluo<\/p>\n<p>El rotulador de fibra 0.4 mm m\u00e1s vendido en el mundo, reconocido por su dise\u00f1o hexagonal y versatilidad. Punta met\u00e1lica reforzada para una larga vida \u00fatil. Puede permanecer destapado unas horas y seguir\u00e1 escribiendo. Capuch\u00f3n ventilado para mayor seguridad. Ideal para escritura fina, dibujos, folletos, trabajos con reglas, plantillas y trazos de precisi\u00f3n. Presentaci\u00f3n en set de 6 colores fl\u00fao.<\/p>\n","protected":false},"excerpt":{"rendered":"<p>Marcador x6 stabilo point88 fluo El rotulador de fibra 0.4 mm m\u00e1s vendido en el mundo, reconocido por su dise\u00f1o hexagonal y versatilidad. Punta met\u00e1lica reforzada para una larga vida \u00fatil. Puede permanecer destapado unas horas y seguir\u00e1 escribiendo. Capuch\u00f3n ventilado para mayor seguridad. Ideal para escritura fina, dibujos, folletos, trabajos con reglas, plantillas y [&hellip;]<\/p>\n","protected":false},"featured_media":16545,"comment_status":"open","ping_status":"closed","template":"","meta":{"_joinchat":[]},"product_brand":[],"product_cat":[4786,4787,2877,4543,4788,4785],"product_tag":[4797,4693,4794,4650,4692,4546,4795,4796],"class_list":{"0":"post-16543","1":"product","2":"type-product","3":"status-publish","4":"has-post-thumbnail","6":"product_cat-escolares","7":"product_cat-liceos","8":"product_cat-marcadores","9":"product_cat-stabilo","10":"product_cat-unioversitarios","11":"product_cat-vuelta-a-clases","12":"product_tag-escolares","13":"product_tag-fibra","14":"product_tag-liceales","15":"product_tag-marcador","16":"product_tag-papeleria","17":"product_tag-stabilo","18":"product_tag-universitarios","19":"product_tag-vuelta-a-clases","21":"first","22":"instock","23":"shipping-taxable","24":"purchasable","25":"product-type-simple"},"bundled_by":[],"bundle_stock_status":"instock","bundle_stock_quantity":null,"bundle_virtual":false,"bundle_layout":"","bundle_add_to_cart_form_location":"","bundle_editable_in_cart":false,"bundle_sold_individually_context":"","bundle_item_grouping":"","bundle_min_size":"","bundle_max_size":"","bundle_price":[],"bundled_items":[],"bundle_sell_ids":[],"yoast_head":"<!-- This site is optimized with the Yoast SEO plugin v26.5 - https:\/\/yoast.com\/wordpress\/plugins\/seo\/ -->\n<title>Marcadores x6 resaltador x6 fluo point 88 stabilo - Papelarte<\/title>\n<meta name=\"description\" content=\"Marcador x6 stabilo point88 fluo\" \/>\n<meta name=\"robots\" content=\"index, follow, max-snippet:-1, max-image-preview:large, max-video-preview:-1\" \/>\n<link rel=\"canonical\" href=\"https:\/\/papelarte.com.uy\/minorista\/minorista\/producto\/marcador-x6-stabilo-point88-fluo\/\" \/>\n<meta property=\"og:locale\" content=\"es_ES\" \/>\n<meta property=\"og:type\" content=\"article\" \/>\n<meta property=\"og:title\" content=\"Marcadores x6 resaltador x6 fluo point 88 stabilo - Papelarte\" \/>\n<meta property=\"og:description\" content=\"Marcador x6 stabilo point88 fluo\" \/>\n<meta property=\"og:url\" content=\"https:\/\/papelarte.com.uy\/minorista\/minorista\/producto\/marcador-x6-stabilo-point88-fluo\/\" \/>\n<meta property=\"og:site_name\" content=\"Papelarte\" \/>\n<meta property=\"article:modified_time\" content=\"2024-09-11T12:15:29+00:00\" \/>\n<meta property=\"og:image\" content=\"https:\/\/papelarte.com.uy\/minorista\/minorista\/wp-content\/uploads\/2023\/10\/mar88-6-1-marcador-stabilo-point-88-fluo-x6LV2MYA-th-1.jpg\" \/>\n\t<meta property=\"og:image:width\" content=\"545\" \/>\n\t<meta property=\"og:image:height\" content=\"532\" \/>\n\t<meta property=\"og:image:type\" content=\"image\/jpeg\" \/>\n<meta name=\"twitter:card\" content=\"summary_large_image\" \/>\n<script type=\"application\/ld+json\" class=\"yoast-schema-graph\">{\"@context\":\"https:\/\/schema.org\",\"@graph\":[{\"@type\":\"WebPage\",\"@id\":\"https:\/\/papelarte.com.uy\/minorista\/minorista\/producto\/marcador-x6-stabilo-point88-fluo\/\",\"url\":\"https:\/\/papelarte.com.uy\/minorista\/minorista\/producto\/marcador-x6-stabilo-point88-fluo\/\",\"name\":\"Marcadores x6 resaltador x6 fluo point 88 stabilo - Papelarte\",\"isPartOf\":{\"@id\":\"https:\/\/papelarte.com.uy\/minorista\/minorista\/#website\"},\"primaryImageOfPage\":{\"@id\":\"https:\/\/papelarte.com.uy\/minorista\/minorista\/producto\/marcador-x6-stabilo-point88-fluo\/#primaryimage\"},\"image\":{\"@id\":\"https:\/\/papelarte.com.uy\/minorista\/minorista\/producto\/marcador-x6-stabilo-point88-fluo\/#primaryimage\"},\"thumbnailUrl\":\"https:\/\/papelarte.com.uy\/minorista\/wp-content\/uploads\/2023\/10\/mar88-6-1-marcador-stabilo-point-88-fluo-x6LV2MYA-th-1.jpg\",\"datePublished\":\"2023-10-25T14:25:30+00:00\",\"dateModified\":\"2024-09-11T12:15:29+00:00\",\"description\":\"Marcador x6 stabilo point88 fluo\",\"breadcrumb\":{\"@id\":\"https:\/\/papelarte.com.uy\/minorista\/minorista\/producto\/marcador-x6-stabilo-point88-fluo\/#breadcrumb\"},\"inLanguage\":\"es\",\"potentialAction\":[{\"@type\":\"ReadAction\",\"target\":[\"https:\/\/papelarte.com.uy\/minorista\/minorista\/producto\/marcador-x6-stabilo-point88-fluo\/\"]}]},{\"@type\":\"ImageObject\",\"inLanguage\":\"es\",\"@id\":\"https:\/\/papelarte.com.uy\/minorista\/minorista\/producto\/marcador-x6-stabilo-point88-fluo\/#primaryimage\",\"url\":\"https:\/\/papelarte.com.uy\/minorista\/wp-content\/uploads\/2023\/10\/mar88-6-1-marcador-stabilo-point-88-fluo-x6LV2MYA-th-1.jpg\",\"contentUrl\":\"https:\/\/papelarte.com.uy\/minorista\/wp-content\/uploads\/2023\/10\/mar88-6-1-marcador-stabilo-point-88-fluo-x6LV2MYA-th-1.jpg\",\"width\":545,\"height\":532,\"caption\":\"Marcador x6 stabilo point88 fluo\"},{\"@type\":\"BreadcrumbList\",\"@id\":\"https:\/\/papelarte.com.uy\/minorista\/minorista\/producto\/marcador-x6-stabilo-point88-fluo\/#breadcrumb\",\"itemListElement\":[{\"@type\":\"ListItem\",\"position\":1,\"name\":\"Portada\",\"item\":\"https:\/\/papelarte.com.uy\/minorista\/minorista\/\"},{\"@type\":\"ListItem\",\"position\":2,\"name\":\"Productos\",\"item\":\"https:\/\/papelarte.com.uy\/minorista\/minorista\/tienda\/\"},{\"@type\":\"ListItem\",\"position\":3,\"name\":\"Marcadores x6 resaltador x6 fluo point 88 stabilo\"}]},{\"@type\":\"WebSite\",\"@id\":\"https:\/\/papelarte.com.uy\/minorista\/minorista\/#website\",\"url\":\"https:\/\/papelarte.com.uy\/minorista\/minorista\/\",\"name\":\"Papelarte\",\"description\":\"Papeler\u00eda Uruguay\",\"publisher\":{\"@id\":\"https:\/\/papelarte.com.uy\/minorista\/minorista\/#organization\"},\"potentialAction\":[{\"@type\":\"SearchAction\",\"target\":{\"@type\":\"EntryPoint\",\"urlTemplate\":\"https:\/\/papelarte.com.uy\/minorista\/minorista\/?s={search_term_string}\"},\"query-input\":{\"@type\":\"PropertyValueSpecification\",\"valueRequired\":true,\"valueName\":\"search_term_string\"}}],\"inLanguage\":\"es\"},{\"@type\":\"Organization\",\"@id\":\"https:\/\/papelarte.com.uy\/minorista\/minorista\/#organization\",\"name\":\"Papelarte\",\"url\":\"https:\/\/papelarte.com.uy\/minorista\/minorista\/\",\"logo\":{\"@type\":\"ImageObject\",\"inLanguage\":\"es\",\"@id\":\"https:\/\/papelarte.com.uy\/minorista\/minorista\/#\/schema\/logo\/image\/\",\"url\":\"https:\/\/papelarte.com.uy\/minorista\/wp-content\/uploads\/2023\/03\/logo-papelarte.png\",\"contentUrl\":\"https:\/\/papelarte.com.uy\/minorista\/wp-content\/uploads\/2023\/03\/logo-papelarte.png\",\"width\":568,\"height\":230,\"caption\":\"Papelarte\"},\"image\":{\"@id\":\"https:\/\/papelarte.com.uy\/minorista\/minorista\/#\/schema\/logo\/image\/\"}}]}<\/script>\n<!-- \/ Yoast SEO plugin. -->","yoast_head_json":{"title":"Marcadores x6 resaltador x6 fluo point 88 stabilo - Papelarte","description":"Marcador x6 stabilo point88 fluo","robots":{"index":"index","follow":"follow","max-snippet":"max-snippet:-1","max-image-preview":"max-image-preview:large","max-video-preview":"max-video-preview:-1"},"canonical":"https:\/\/papelarte.com.uy\/minorista\/minorista\/producto\/marcador-x6-stabilo-point88-fluo\/","og_locale":"es_ES","og_type":"article","og_title":"Marcadores x6 resaltador x6 fluo point 88 stabilo - Papelarte","og_description":"Marcador x6 stabilo point88 fluo","og_url":"https:\/\/papelarte.com.uy\/minorista\/minorista\/producto\/marcador-x6-stabilo-point88-fluo\/","og_site_name":"Papelarte","article_modified_time":"2024-09-11T12:15:29+00:00","og_image":[{"width":545,"height":532,"url":"https:\/\/papelarte.com.uy\/minorista\/minorista\/wp-content\/uploads\/2023\/10\/mar88-6-1-marcador-stabilo-point-88-fluo-x6LV2MYA-th-1.jpg","type":"image\/jpeg"}],"twitter_card":"summary_large_image","schema":{"@context":"https:\/\/schema.org","@graph":[{"@type":"WebPage","@id":"https:\/\/papelarte.com.uy\/minorista\/minorista\/producto\/marcador-x6-stabilo-point88-fluo\/","url":"https:\/\/papelarte.com.uy\/minorista\/minorista\/producto\/marcador-x6-stabilo-point88-fluo\/","name":"Marcadores x6 resaltador x6 fluo point 88 stabilo - Papelarte","isPartOf":{"@id":"https:\/\/papelarte.com.uy\/minorista\/minorista\/#website"},"primaryImageOfPage":{"@id":"https:\/\/papelarte.com.uy\/minorista\/minorista\/producto\/marcador-x6-stabilo-point88-fluo\/#primaryimage"},"image":{"@id":"https:\/\/papelarte.com.uy\/minorista\/minorista\/producto\/marcador-x6-stabilo-point88-fluo\/#primaryimage"},"thumbnailUrl":"https:\/\/papelarte.com.uy\/minorista\/wp-content\/uploads\/2023\/10\/mar88-6-1-marcador-stabilo-point-88-fluo-x6LV2MYA-th-1.jpg","datePublished":"2023-10-25T14:25:30+00:00","dateModified":"2024-09-11T12:15:29+00:00","description":"Marcador x6 stabilo point88 fluo","breadcrumb":{"@id":"https:\/\/papelarte.com.uy\/minorista\/minorista\/producto\/marcador-x6-stabilo-point88-fluo\/#breadcrumb"},"inLanguage":"es","potentialAction":[{"@type":"ReadAction","target":["https:\/\/papelarte.com.uy\/minorista\/minorista\/producto\/marcador-x6-stabilo-point88-fluo\/"]}]},{"@type":"ImageObject","inLanguage":"es","@id":"https:\/\/papelarte.com.uy\/minorista\/minorista\/producto\/marcador-x6-stabilo-point88-fluo\/#primaryimage","url":"https:\/\/papelarte.com.uy\/minorista\/wp-content\/uploads\/2023\/10\/mar88-6-1-marcador-stabilo-point-88-fluo-x6LV2MYA-th-1.jpg","contentUrl":"https:\/\/papelarte.com.uy\/minorista\/wp-content\/uploads\/2023\/10\/mar88-6-1-marcador-stabilo-point-88-fluo-x6LV2MYA-th-1.jpg","width":545,"height":532,"caption":"Marcador x6 stabilo point88 fluo"},{"@type":"BreadcrumbList","@id":"https:\/\/papelarte.com.uy\/minorista\/minorista\/producto\/marcador-x6-stabilo-point88-fluo\/#breadcrumb","itemListElement":[{"@type":"ListItem","position":1,"name":"Portada","item":"https:\/\/papelarte.com.uy\/minorista\/minorista\/"},{"@type":"ListItem","position":2,"name":"Productos","item":"https:\/\/papelarte.com.uy\/minorista\/minorista\/tienda\/"},{"@type":"ListItem","position":3,"name":"Marcadores x6 resaltador x6 fluo point 88 stabilo"}]},{"@type":"WebSite","@id":"https:\/\/papelarte.com.uy\/minorista\/minorista\/#website","url":"https:\/\/papelarte.com.uy\/minorista\/minorista\/","name":"Papelarte","description":"Papeler\u00eda Uruguay","publisher":{"@id":"https:\/\/papelarte.com.uy\/minorista\/minorista\/#organization"},"potentialAction":[{"@type":"SearchAction","target":{"@type":"EntryPoint","urlTemplate":"https:\/\/papelarte.com.uy\/minorista\/minorista\/?s={search_term_string}"},"query-input":{"@type":"PropertyValueSpecification","valueRequired":true,"valueName":"search_term_string"}}],"inLanguage":"es"},{"@type":"Organization","@id":"https:\/\/papelarte.com.uy\/minorista\/minorista\/#organization","name":"Papelarte","url":"https:\/\/papelarte.com.uy\/minorista\/minorista\/","logo":{"@type":"ImageObject","inLanguage":"es","@id":"https:\/\/papelarte.com.uy\/minorista\/minorista\/#\/schema\/logo\/image\/","url":"https:\/\/papelarte.com.uy\/minorista\/wp-content\/uploads\/2023\/03\/logo-papelarte.png","contentUrl":"https:\/\/papelarte.com.uy\/minorista\/wp-content\/uploads\/2023\/03\/logo-papelarte.png","width":568,"height":230,"caption":"Papelarte"},"image":{"@id":"https:\/\/papelarte.com.uy\/minorista\/minorista\/#\/schema\/logo\/image\/"}}]}},"_links":{"self":[{"href":"https:\/\/papelarte.com.uy\/minorista\/wp-json\/wp\/v2\/product\/16543","targetHints":{"allow":["GET"]}}],"collection":[{"href":"https:\/\/papelarte.com.uy\/minorista\/wp-json\/wp\/v2\/product"}],"about":[{"href":"https:\/\/papelarte.com.uy\/minorista\/wp-json\/wp\/v2\/types\/product"}],"replies":[{"embeddable":true,"href":"https:\/\/papelarte.com.uy\/minorista\/wp-json\/wp\/v2\/comments?post=16543"}],"wp:featuredmedia":[{"embeddable":true,"href":"https:\/\/papelarte.com.uy\/minorista\/wp-json\/wp\/v2\/media\/16545"}],"wp:attachment":[{"href":"https:\/\/papelarte.com.uy\/minorista\/wp-json\/wp\/v2\/media?parent=16543"}],"wp:term":[{"taxonomy":"product_brand","embeddable":true,"href":"https:\/\/papelarte.com.uy\/minorista\/wp-json\/wp\/v2\/product_brand?post=16543"},{"taxonomy":"product_cat","embeddable":true,"href":"https:\/\/papelarte.com.uy\/minorista\/wp-json\/wp\/v2\/product_cat?post=16543"},{"taxonomy":"product_tag","embeddable":true,"href":"https:\/\/papelarte.com.uy\/minorista\/wp-json\/wp\/v2\/product_tag?post=16543"}],"curies":[{"name":"wp","href":"https:\/\/api.w.org\/{rel}","templated":true}]}}