{"id":13911,"date":"2023-08-19T09:55:05","date_gmt":"2023-08-19T12:55:05","guid":{"rendered":"https:\/\/papelarte.com.uy\/minorista\/minorista\/\/?post_type=product&#038;p=13911"},"modified":"2024-09-11T09:20:40","modified_gmt":"2024-09-11T12:20:40","slug":"marcador-para-pizarra-x8-finos-carioca","status":"publish","type":"product","link":"https:\/\/papelarte.com.uy\/minorista\/producto\/marcador-para-pizarra-x8-finos-carioca\/","title":{"rendered":"Marcadores x8 para pizarra finos carioca"},"content":{"rendered":"<p>Marcador para pizarra x8 finos carioca<\/p>\n<p>Marcador Carioca para pizarra blanca.<\/p>\n<p>Marcadores finos<br \/>\nTinta de secado r\u00e1pido que permite borrar f\u00e1cilmente sin dejar marcas.<br \/>\nPresentaci\u00f3n en bl\u00edster de 8 colores<br \/>\nFabricados a base de solventes (no a base de agua)<br \/>\nF\u00e1cil de lavar en la piel<br \/>\nUnidad De Venta<br \/>\nBlister<br \/>\nContenido<br \/>\ncolores<br \/>\nC\u00f3digo De Barra<br \/>\n8003511429201<\/p>\n","protected":false},"excerpt":{"rendered":"<p>Marcador para pizarra x8 finos carioca Marcador Carioca para pizarra blanca. Marcadores finos Tinta de secado r\u00e1pido que permite borrar f\u00e1cilmente sin dejar marcas. Presentaci\u00f3n en bl\u00edster de 8 colores Fabricados a base de solventes (no a base de agua) F\u00e1cil de lavar en la piel Unidad De Venta Blister Contenido colores C\u00f3digo De Barra [&hellip;]<\/p>\n","protected":false},"featured_media":13913,"comment_status":"open","ping_status":"closed","template":"","meta":{"_joinchat":[]},"product_brand":[],"product_cat":[3397,4786,2860,4787,2877,2622,4788,4785],"product_tag":[4557,4797,4794,4795,4796],"class_list":{"0":"post-13911","1":"product","2":"type-product","3":"status-publish","4":"has-post-thumbnail","6":"product_cat-carioca","7":"product_cat-escolares","8":"product_cat-escritura","9":"product_cat-liceos","10":"product_cat-marcadores","11":"product_cat-papeleria","12":"product_cat-unioversitarios","13":"product_cat-vuelta-a-clases","14":"product_tag-carioca","15":"product_tag-escolares","16":"product_tag-liceales","17":"product_tag-universitarios","18":"product_tag-vuelta-a-clases","20":"first","21":"instock","22":"shipping-taxable","23":"purchasable","24":"product-type-simple"},"bundled_by":[],"bundle_stock_status":"instock","bundle_stock_quantity":null,"bundle_virtual":false,"bundle_layout":"","bundle_add_to_cart_form_location":"","bundle_editable_in_cart":false,"bundle_sold_individually_context":"","bundle_item_grouping":"","bundle_min_size":"","bundle_max_size":"","bundle_price":[],"bundled_items":[],"bundle_sell_ids":[],"yoast_head":"<!-- This site is optimized with the Yoast SEO plugin v26.5 - https:\/\/yoast.com\/wordpress\/plugins\/seo\/ -->\n<title>Marcadores x8 para pizarra finos carioca - Papelarte<\/title>\n<meta name=\"description\" content=\"Marcador para pizarra x8 finos carioca\" \/>\n<meta name=\"robots\" content=\"index, follow, max-snippet:-1, max-image-preview:large, max-video-preview:-1\" \/>\n<link rel=\"canonical\" href=\"https:\/\/papelarte.com.uy\/minorista\/minorista\/producto\/marcador-para-pizarra-x8-finos-carioca\/\" \/>\n<meta property=\"og:locale\" content=\"es_ES\" \/>\n<meta property=\"og:type\" content=\"article\" \/>\n<meta property=\"og:title\" content=\"Marcadores x8 para pizarra finos carioca - Papelarte\" \/>\n<meta property=\"og:description\" content=\"Marcador para pizarra x8 finos carioca\" \/>\n<meta property=\"og:url\" content=\"https:\/\/papelarte.com.uy\/minorista\/minorista\/producto\/marcador-para-pizarra-x8-finos-carioca\/\" \/>\n<meta property=\"og:site_name\" content=\"Papelarte\" \/>\n<meta property=\"article:modified_time\" content=\"2024-09-11T12:20:40+00:00\" \/>\n<meta property=\"og:image\" content=\"https:\/\/papelarte.com.uy\/minorista\/minorista\/wp-content\/uploads\/2023\/08\/6390794153436405656787.png\" \/>\n\t<meta property=\"og:image:width\" content=\"600\" \/>\n\t<meta property=\"og:image:height\" content=\"600\" \/>\n\t<meta property=\"og:image:type\" content=\"image\/png\" \/>\n<meta name=\"twitter:card\" content=\"summary_large_image\" \/>\n<script type=\"application\/ld+json\" class=\"yoast-schema-graph\">{\"@context\":\"https:\/\/schema.org\",\"@graph\":[{\"@type\":\"WebPage\",\"@id\":\"https:\/\/papelarte.com.uy\/minorista\/minorista\/producto\/marcador-para-pizarra-x8-finos-carioca\/\",\"url\":\"https:\/\/papelarte.com.uy\/minorista\/minorista\/producto\/marcador-para-pizarra-x8-finos-carioca\/\",\"name\":\"Marcadores x8 para pizarra finos carioca - Papelarte\",\"isPartOf\":{\"@id\":\"https:\/\/papelarte.com.uy\/minorista\/minorista\/#website\"},\"primaryImageOfPage\":{\"@id\":\"https:\/\/papelarte.com.uy\/minorista\/minorista\/producto\/marcador-para-pizarra-x8-finos-carioca\/#primaryimage\"},\"image\":{\"@id\":\"https:\/\/papelarte.com.uy\/minorista\/minorista\/producto\/marcador-para-pizarra-x8-finos-carioca\/#primaryimage\"},\"thumbnailUrl\":\"https:\/\/papelarte.com.uy\/minorista\/wp-content\/uploads\/2023\/08\/6390794153436405656787.png\",\"datePublished\":\"2023-08-19T12:55:05+00:00\",\"dateModified\":\"2024-09-11T12:20:40+00:00\",\"description\":\"Marcador para pizarra x8 finos carioca\",\"breadcrumb\":{\"@id\":\"https:\/\/papelarte.com.uy\/minorista\/minorista\/producto\/marcador-para-pizarra-x8-finos-carioca\/#breadcrumb\"},\"inLanguage\":\"es\",\"potentialAction\":[{\"@type\":\"ReadAction\",\"target\":[\"https:\/\/papelarte.com.uy\/minorista\/minorista\/producto\/marcador-para-pizarra-x8-finos-carioca\/\"]}]},{\"@type\":\"ImageObject\",\"inLanguage\":\"es\",\"@id\":\"https:\/\/papelarte.com.uy\/minorista\/minorista\/producto\/marcador-para-pizarra-x8-finos-carioca\/#primaryimage\",\"url\":\"https:\/\/papelarte.com.uy\/minorista\/wp-content\/uploads\/2023\/08\/6390794153436405656787.png\",\"contentUrl\":\"https:\/\/papelarte.com.uy\/minorista\/wp-content\/uploads\/2023\/08\/6390794153436405656787.png\",\"width\":600,\"height\":600,\"caption\":\"Marcador para pizarra x8 finos carioca\"},{\"@type\":\"BreadcrumbList\",\"@id\":\"https:\/\/papelarte.com.uy\/minorista\/minorista\/producto\/marcador-para-pizarra-x8-finos-carioca\/#breadcrumb\",\"itemListElement\":[{\"@type\":\"ListItem\",\"position\":1,\"name\":\"Portada\",\"item\":\"https:\/\/papelarte.com.uy\/minorista\/minorista\/\"},{\"@type\":\"ListItem\",\"position\":2,\"name\":\"Productos\",\"item\":\"https:\/\/papelarte.com.uy\/minorista\/minorista\/tienda\/\"},{\"@type\":\"ListItem\",\"position\":3,\"name\":\"Marcadores x8 para pizarra finos carioca\"}]},{\"@type\":\"WebSite\",\"@id\":\"https:\/\/papelarte.com.uy\/minorista\/minorista\/#website\",\"url\":\"https:\/\/papelarte.com.uy\/minorista\/minorista\/\",\"name\":\"Papelarte\",\"description\":\"Papeler\u00eda Uruguay\",\"publisher\":{\"@id\":\"https:\/\/papelarte.com.uy\/minorista\/minorista\/#organization\"},\"potentialAction\":[{\"@type\":\"SearchAction\",\"target\":{\"@type\":\"EntryPoint\",\"urlTemplate\":\"https:\/\/papelarte.com.uy\/minorista\/minorista\/?s={search_term_string}\"},\"query-input\":{\"@type\":\"PropertyValueSpecification\",\"valueRequired\":true,\"valueName\":\"search_term_string\"}}],\"inLanguage\":\"es\"},{\"@type\":\"Organization\",\"@id\":\"https:\/\/papelarte.com.uy\/minorista\/minorista\/#organization\",\"name\":\"Papelarte\",\"url\":\"https:\/\/papelarte.com.uy\/minorista\/minorista\/\",\"logo\":{\"@type\":\"ImageObject\",\"inLanguage\":\"es\",\"@id\":\"https:\/\/papelarte.com.uy\/minorista\/minorista\/#\/schema\/logo\/image\/\",\"url\":\"https:\/\/papelarte.com.uy\/minorista\/wp-content\/uploads\/2023\/03\/logo-papelarte.png\",\"contentUrl\":\"https:\/\/papelarte.com.uy\/minorista\/wp-content\/uploads\/2023\/03\/logo-papelarte.png\",\"width\":568,\"height\":230,\"caption\":\"Papelarte\"},\"image\":{\"@id\":\"https:\/\/papelarte.com.uy\/minorista\/minorista\/#\/schema\/logo\/image\/\"}}]}<\/script>\n<!-- \/ Yoast SEO plugin. -->","yoast_head_json":{"title":"Marcadores x8 para pizarra finos carioca - Papelarte","description":"Marcador para pizarra x8 finos carioca","robots":{"index":"index","follow":"follow","max-snippet":"max-snippet:-1","max-image-preview":"max-image-preview:large","max-video-preview":"max-video-preview:-1"},"canonical":"https:\/\/papelarte.com.uy\/minorista\/minorista\/producto\/marcador-para-pizarra-x8-finos-carioca\/","og_locale":"es_ES","og_type":"article","og_title":"Marcadores x8 para pizarra finos carioca - Papelarte","og_description":"Marcador para pizarra x8 finos carioca","og_url":"https:\/\/papelarte.com.uy\/minorista\/minorista\/producto\/marcador-para-pizarra-x8-finos-carioca\/","og_site_name":"Papelarte","article_modified_time":"2024-09-11T12:20:40+00:00","og_image":[{"width":600,"height":600,"url":"https:\/\/papelarte.com.uy\/minorista\/minorista\/wp-content\/uploads\/2023\/08\/6390794153436405656787.png","type":"image\/png"}],"twitter_card":"summary_large_image","schema":{"@context":"https:\/\/schema.org","@graph":[{"@type":"WebPage","@id":"https:\/\/papelarte.com.uy\/minorista\/minorista\/producto\/marcador-para-pizarra-x8-finos-carioca\/","url":"https:\/\/papelarte.com.uy\/minorista\/minorista\/producto\/marcador-para-pizarra-x8-finos-carioca\/","name":"Marcadores x8 para pizarra finos carioca - Papelarte","isPartOf":{"@id":"https:\/\/papelarte.com.uy\/minorista\/minorista\/#website"},"primaryImageOfPage":{"@id":"https:\/\/papelarte.com.uy\/minorista\/minorista\/producto\/marcador-para-pizarra-x8-finos-carioca\/#primaryimage"},"image":{"@id":"https:\/\/papelarte.com.uy\/minorista\/minorista\/producto\/marcador-para-pizarra-x8-finos-carioca\/#primaryimage"},"thumbnailUrl":"https:\/\/papelarte.com.uy\/minorista\/wp-content\/uploads\/2023\/08\/6390794153436405656787.png","datePublished":"2023-08-19T12:55:05+00:00","dateModified":"2024-09-11T12:20:40+00:00","description":"Marcador para pizarra x8 finos carioca","breadcrumb":{"@id":"https:\/\/papelarte.com.uy\/minorista\/minorista\/producto\/marcador-para-pizarra-x8-finos-carioca\/#breadcrumb"},"inLanguage":"es","potentialAction":[{"@type":"ReadAction","target":["https:\/\/papelarte.com.uy\/minorista\/minorista\/producto\/marcador-para-pizarra-x8-finos-carioca\/"]}]},{"@type":"ImageObject","inLanguage":"es","@id":"https:\/\/papelarte.com.uy\/minorista\/minorista\/producto\/marcador-para-pizarra-x8-finos-carioca\/#primaryimage","url":"https:\/\/papelarte.com.uy\/minorista\/wp-content\/uploads\/2023\/08\/6390794153436405656787.png","contentUrl":"https:\/\/papelarte.com.uy\/minorista\/wp-content\/uploads\/2023\/08\/6390794153436405656787.png","width":600,"height":600,"caption":"Marcador para pizarra x8 finos carioca"},{"@type":"BreadcrumbList","@id":"https:\/\/papelarte.com.uy\/minorista\/minorista\/producto\/marcador-para-pizarra-x8-finos-carioca\/#breadcrumb","itemListElement":[{"@type":"ListItem","position":1,"name":"Portada","item":"https:\/\/papelarte.com.uy\/minorista\/minorista\/"},{"@type":"ListItem","position":2,"name":"Productos","item":"https:\/\/papelarte.com.uy\/minorista\/minorista\/tienda\/"},{"@type":"ListItem","position":3,"name":"Marcadores x8 para pizarra finos carioca"}]},{"@type":"WebSite","@id":"https:\/\/papelarte.com.uy\/minorista\/minorista\/#website","url":"https:\/\/papelarte.com.uy\/minorista\/minorista\/","name":"Papelarte","description":"Papeler\u00eda Uruguay","publisher":{"@id":"https:\/\/papelarte.com.uy\/minorista\/minorista\/#organization"},"potentialAction":[{"@type":"SearchAction","target":{"@type":"EntryPoint","urlTemplate":"https:\/\/papelarte.com.uy\/minorista\/minorista\/?s={search_term_string}"},"query-input":{"@type":"PropertyValueSpecification","valueRequired":true,"valueName":"search_term_string"}}],"inLanguage":"es"},{"@type":"Organization","@id":"https:\/\/papelarte.com.uy\/minorista\/minorista\/#organization","name":"Papelarte","url":"https:\/\/papelarte.com.uy\/minorista\/minorista\/","logo":{"@type":"ImageObject","inLanguage":"es","@id":"https:\/\/papelarte.com.uy\/minorista\/minorista\/#\/schema\/logo\/image\/","url":"https:\/\/papelarte.com.uy\/minorista\/wp-content\/uploads\/2023\/03\/logo-papelarte.png","contentUrl":"https:\/\/papelarte.com.uy\/minorista\/wp-content\/uploads\/2023\/03\/logo-papelarte.png","width":568,"height":230,"caption":"Papelarte"},"image":{"@id":"https:\/\/papelarte.com.uy\/minorista\/minorista\/#\/schema\/logo\/image\/"}}]}},"_links":{"self":[{"href":"https:\/\/papelarte.com.uy\/minorista\/wp-json\/wp\/v2\/product\/13911","targetHints":{"allow":["GET"]}}],"collection":[{"href":"https:\/\/papelarte.com.uy\/minorista\/wp-json\/wp\/v2\/product"}],"about":[{"href":"https:\/\/papelarte.com.uy\/minorista\/wp-json\/wp\/v2\/types\/product"}],"replies":[{"embeddable":true,"href":"https:\/\/papelarte.com.uy\/minorista\/wp-json\/wp\/v2\/comments?post=13911"}],"wp:featuredmedia":[{"embeddable":true,"href":"https:\/\/papelarte.com.uy\/minorista\/wp-json\/wp\/v2\/media\/13913"}],"wp:attachment":[{"href":"https:\/\/papelarte.com.uy\/minorista\/wp-json\/wp\/v2\/media?parent=13911"}],"wp:term":[{"taxonomy":"product_brand","embeddable":true,"href":"https:\/\/papelarte.com.uy\/minorista\/wp-json\/wp\/v2\/product_brand?post=13911"},{"taxonomy":"product_cat","embeddable":true,"href":"https:\/\/papelarte.com.uy\/minorista\/wp-json\/wp\/v2\/product_cat?post=13911"},{"taxonomy":"product_tag","embeddable":true,"href":"https:\/\/papelarte.com.uy\/minorista\/wp-json\/wp\/v2\/product_tag?post=13911"}],"curies":[{"name":"wp","href":"https:\/\/api.w.org\/{rel}","templated":true}]}}