{"id":1285,"date":"2021-03-22T19:25:37","date_gmt":"2021-03-22T19:25:37","guid":{"rendered":"http:\/\/papelarte.com.uy\/\/?post_type=product&#038;p=1285"},"modified":"2024-08-16T08:56:19","modified_gmt":"2024-08-16T11:56:19","slug":"tempera-250ml-acrilex","status":"publish","type":"product","link":"https:\/\/papelarte.com.uy\/minorista\/producto\/tempera-250ml-acrilex\/","title":{"rendered":"Tempera 250ml acrilex"},"content":{"rendered":"<h3 class=\"page-title\">Tempera 250ml acrilex<\/h3>\n<ul>\n<li>T\u00e9mpera individual de 250 ml<\/li>\n<li>Colores mezclables entre s\u00ed<\/li>\n<li>Solubles en agua. Producto no t\u00f3xico<\/li>\n<li>Estimula la creatividad<\/li>\n<li>Se puede aplicar en papel, cart\u00f3n y cartulina<\/li>\n<\/ul>\n","protected":false},"excerpt":{"rendered":"<p>Tempera 250ml acrilex T\u00e9mpera individual de 250 ml Colores mezclables entre s\u00ed Solubles en agua. Producto no t\u00f3xico Estimula la creatividad Se puede aplicar en papel, cart\u00f3n y cartulina<\/p>\n","protected":false},"featured_media":8468,"comment_status":"closed","ping_status":"closed","template":"","meta":{"_joinchat":[]},"product_brand":[],"product_cat":[4786,4787,2622,2867,2920,4788,4785],"product_tag":[4797,4794,4795,4796],"class_list":{"0":"post-1285","1":"product","2":"type-product","3":"status-publish","4":"has-post-thumbnail","6":"product_cat-escolares","7":"product_cat-liceos","8":"product_cat-papeleria","9":"product_cat-pinturas-manualidades","10":"product_cat-temperas","11":"product_cat-unioversitarios","12":"product_cat-vuelta-a-clases","13":"product_tag-escolares","14":"product_tag-liceales","15":"product_tag-universitarios","16":"product_tag-vuelta-a-clases","18":"first","19":"instock","20":"shipping-taxable","21":"purchasable","22":"product-type-variable","23":"has-default-attributes"},"bundled_by":[],"bundle_stock_status":"instock","bundle_stock_quantity":null,"bundle_virtual":false,"bundle_layout":"","bundle_add_to_cart_form_location":"","bundle_editable_in_cart":false,"bundle_sold_individually_context":"","bundle_item_grouping":"","bundle_min_size":"","bundle_max_size":"","bundle_price":[],"bundled_items":[],"bundle_sell_ids":[],"yoast_head":"<!-- This site is optimized with the Yoast SEO plugin v26.5 - https:\/\/yoast.com\/wordpress\/plugins\/seo\/ -->\n<title>Tempera 250ml acrilex - Papelarte<\/title>\n<meta name=\"description\" content=\"Tempera 250ml acrilex\" \/>\n<meta name=\"robots\" content=\"index, follow, max-snippet:-1, max-image-preview:large, max-video-preview:-1\" \/>\n<link rel=\"canonical\" href=\"https:\/\/papelarte.com.uy\/minorista\/minorista\/producto\/tempera-250ml-acrilex\/\" \/>\n<meta property=\"og:locale\" content=\"es_ES\" \/>\n<meta property=\"og:type\" content=\"article\" \/>\n<meta property=\"og:title\" content=\"Tempera 250ml acrilex - Papelarte\" \/>\n<meta property=\"og:description\" content=\"Tempera 250ml acrilex\" \/>\n<meta property=\"og:url\" content=\"https:\/\/papelarte.com.uy\/minorista\/minorista\/producto\/tempera-250ml-acrilex\/\" \/>\n<meta property=\"og:site_name\" content=\"Papelarte\" \/>\n<meta property=\"article:modified_time\" content=\"2024-08-16T11:56:19+00:00\" \/>\n<meta property=\"og:image\" content=\"https:\/\/papelarte.com.uy\/minorista\/minorista\/wp-content\/uploads\/2020\/11\/29002.jpg\" \/>\n\t<meta property=\"og:image:width\" content=\"700\" \/>\n\t<meta property=\"og:image:height\" content=\"700\" \/>\n\t<meta property=\"og:image:type\" content=\"image\/jpeg\" \/>\n<meta name=\"twitter:card\" content=\"summary_large_image\" \/>\n<meta name=\"twitter:label1\" content=\"Tiempo de lectura\" \/>\n\t<meta name=\"twitter:data1\" content=\"1 minuto\" \/>\n<script type=\"application\/ld+json\" class=\"yoast-schema-graph\">{\"@context\":\"https:\/\/schema.org\",\"@graph\":[{\"@type\":\"WebPage\",\"@id\":\"https:\/\/papelarte.com.uy\/minorista\/minorista\/producto\/tempera-250ml-acrilex\/\",\"url\":\"https:\/\/papelarte.com.uy\/minorista\/minorista\/producto\/tempera-250ml-acrilex\/\",\"name\":\"Tempera 250ml acrilex - Papelarte\",\"isPartOf\":{\"@id\":\"https:\/\/papelarte.com.uy\/minorista\/minorista\/#website\"},\"primaryImageOfPage\":{\"@id\":\"https:\/\/papelarte.com.uy\/minorista\/minorista\/producto\/tempera-250ml-acrilex\/#primaryimage\"},\"image\":{\"@id\":\"https:\/\/papelarte.com.uy\/minorista\/minorista\/producto\/tempera-250ml-acrilex\/#primaryimage\"},\"thumbnailUrl\":\"https:\/\/papelarte.com.uy\/minorista\/wp-content\/uploads\/2020\/11\/29002.jpg\",\"datePublished\":\"2021-03-22T19:25:37+00:00\",\"dateModified\":\"2024-08-16T11:56:19+00:00\",\"description\":\"Tempera 250ml acrilex\",\"breadcrumb\":{\"@id\":\"https:\/\/papelarte.com.uy\/minorista\/minorista\/producto\/tempera-250ml-acrilex\/#breadcrumb\"},\"inLanguage\":\"es\",\"potentialAction\":[{\"@type\":\"ReadAction\",\"target\":[\"https:\/\/papelarte.com.uy\/minorista\/minorista\/producto\/tempera-250ml-acrilex\/\"]}]},{\"@type\":\"ImageObject\",\"inLanguage\":\"es\",\"@id\":\"https:\/\/papelarte.com.uy\/minorista\/minorista\/producto\/tempera-250ml-acrilex\/#primaryimage\",\"url\":\"https:\/\/papelarte.com.uy\/minorista\/wp-content\/uploads\/2020\/11\/29002.jpg\",\"contentUrl\":\"https:\/\/papelarte.com.uy\/minorista\/wp-content\/uploads\/2020\/11\/29002.jpg\",\"width\":700,\"height\":700},{\"@type\":\"BreadcrumbList\",\"@id\":\"https:\/\/papelarte.com.uy\/minorista\/minorista\/producto\/tempera-250ml-acrilex\/#breadcrumb\",\"itemListElement\":[{\"@type\":\"ListItem\",\"position\":1,\"name\":\"Portada\",\"item\":\"https:\/\/papelarte.com.uy\/minorista\/minorista\/\"},{\"@type\":\"ListItem\",\"position\":2,\"name\":\"Productos\",\"item\":\"https:\/\/papelarte.com.uy\/minorista\/minorista\/tienda\/\"},{\"@type\":\"ListItem\",\"position\":3,\"name\":\"Tempera 250ml acrilex\"}]},{\"@type\":\"WebSite\",\"@id\":\"https:\/\/papelarte.com.uy\/minorista\/minorista\/#website\",\"url\":\"https:\/\/papelarte.com.uy\/minorista\/minorista\/\",\"name\":\"Papelarte\",\"description\":\"Papeler\u00eda Uruguay\",\"publisher\":{\"@id\":\"https:\/\/papelarte.com.uy\/minorista\/minorista\/#organization\"},\"potentialAction\":[{\"@type\":\"SearchAction\",\"target\":{\"@type\":\"EntryPoint\",\"urlTemplate\":\"https:\/\/papelarte.com.uy\/minorista\/minorista\/?s={search_term_string}\"},\"query-input\":{\"@type\":\"PropertyValueSpecification\",\"valueRequired\":true,\"valueName\":\"search_term_string\"}}],\"inLanguage\":\"es\"},{\"@type\":\"Organization\",\"@id\":\"https:\/\/papelarte.com.uy\/minorista\/minorista\/#organization\",\"name\":\"Papelarte\",\"url\":\"https:\/\/papelarte.com.uy\/minorista\/minorista\/\",\"logo\":{\"@type\":\"ImageObject\",\"inLanguage\":\"es\",\"@id\":\"https:\/\/papelarte.com.uy\/minorista\/minorista\/#\/schema\/logo\/image\/\",\"url\":\"https:\/\/papelarte.com.uy\/minorista\/wp-content\/uploads\/2023\/03\/logo-papelarte.png\",\"contentUrl\":\"https:\/\/papelarte.com.uy\/minorista\/wp-content\/uploads\/2023\/03\/logo-papelarte.png\",\"width\":568,\"height\":230,\"caption\":\"Papelarte\"},\"image\":{\"@id\":\"https:\/\/papelarte.com.uy\/minorista\/minorista\/#\/schema\/logo\/image\/\"}}]}<\/script>\n<!-- \/ Yoast SEO plugin. -->","yoast_head_json":{"title":"Tempera 250ml acrilex - Papelarte","description":"Tempera 250ml acrilex","robots":{"index":"index","follow":"follow","max-snippet":"max-snippet:-1","max-image-preview":"max-image-preview:large","max-video-preview":"max-video-preview:-1"},"canonical":"https:\/\/papelarte.com.uy\/minorista\/minorista\/producto\/tempera-250ml-acrilex\/","og_locale":"es_ES","og_type":"article","og_title":"Tempera 250ml acrilex - Papelarte","og_description":"Tempera 250ml acrilex","og_url":"https:\/\/papelarte.com.uy\/minorista\/minorista\/producto\/tempera-250ml-acrilex\/","og_site_name":"Papelarte","article_modified_time":"2024-08-16T11:56:19+00:00","og_image":[{"width":700,"height":700,"url":"https:\/\/papelarte.com.uy\/minorista\/minorista\/wp-content\/uploads\/2020\/11\/29002.jpg","type":"image\/jpeg"}],"twitter_card":"summary_large_image","twitter_misc":{"Tiempo de lectura":"1 minuto"},"schema":{"@context":"https:\/\/schema.org","@graph":[{"@type":"WebPage","@id":"https:\/\/papelarte.com.uy\/minorista\/minorista\/producto\/tempera-250ml-acrilex\/","url":"https:\/\/papelarte.com.uy\/minorista\/minorista\/producto\/tempera-250ml-acrilex\/","name":"Tempera 250ml acrilex - Papelarte","isPartOf":{"@id":"https:\/\/papelarte.com.uy\/minorista\/minorista\/#website"},"primaryImageOfPage":{"@id":"https:\/\/papelarte.com.uy\/minorista\/minorista\/producto\/tempera-250ml-acrilex\/#primaryimage"},"image":{"@id":"https:\/\/papelarte.com.uy\/minorista\/minorista\/producto\/tempera-250ml-acrilex\/#primaryimage"},"thumbnailUrl":"https:\/\/papelarte.com.uy\/minorista\/wp-content\/uploads\/2020\/11\/29002.jpg","datePublished":"2021-03-22T19:25:37+00:00","dateModified":"2024-08-16T11:56:19+00:00","description":"Tempera 250ml acrilex","breadcrumb":{"@id":"https:\/\/papelarte.com.uy\/minorista\/minorista\/producto\/tempera-250ml-acrilex\/#breadcrumb"},"inLanguage":"es","potentialAction":[{"@type":"ReadAction","target":["https:\/\/papelarte.com.uy\/minorista\/minorista\/producto\/tempera-250ml-acrilex\/"]}]},{"@type":"ImageObject","inLanguage":"es","@id":"https:\/\/papelarte.com.uy\/minorista\/minorista\/producto\/tempera-250ml-acrilex\/#primaryimage","url":"https:\/\/papelarte.com.uy\/minorista\/wp-content\/uploads\/2020\/11\/29002.jpg","contentUrl":"https:\/\/papelarte.com.uy\/minorista\/wp-content\/uploads\/2020\/11\/29002.jpg","width":700,"height":700},{"@type":"BreadcrumbList","@id":"https:\/\/papelarte.com.uy\/minorista\/minorista\/producto\/tempera-250ml-acrilex\/#breadcrumb","itemListElement":[{"@type":"ListItem","position":1,"name":"Portada","item":"https:\/\/papelarte.com.uy\/minorista\/minorista\/"},{"@type":"ListItem","position":2,"name":"Productos","item":"https:\/\/papelarte.com.uy\/minorista\/minorista\/tienda\/"},{"@type":"ListItem","position":3,"name":"Tempera 250ml acrilex"}]},{"@type":"WebSite","@id":"https:\/\/papelarte.com.uy\/minorista\/minorista\/#website","url":"https:\/\/papelarte.com.uy\/minorista\/minorista\/","name":"Papelarte","description":"Papeler\u00eda Uruguay","publisher":{"@id":"https:\/\/papelarte.com.uy\/minorista\/minorista\/#organization"},"potentialAction":[{"@type":"SearchAction","target":{"@type":"EntryPoint","urlTemplate":"https:\/\/papelarte.com.uy\/minorista\/minorista\/?s={search_term_string}"},"query-input":{"@type":"PropertyValueSpecification","valueRequired":true,"valueName":"search_term_string"}}],"inLanguage":"es"},{"@type":"Organization","@id":"https:\/\/papelarte.com.uy\/minorista\/minorista\/#organization","name":"Papelarte","url":"https:\/\/papelarte.com.uy\/minorista\/minorista\/","logo":{"@type":"ImageObject","inLanguage":"es","@id":"https:\/\/papelarte.com.uy\/minorista\/minorista\/#\/schema\/logo\/image\/","url":"https:\/\/papelarte.com.uy\/minorista\/wp-content\/uploads\/2023\/03\/logo-papelarte.png","contentUrl":"https:\/\/papelarte.com.uy\/minorista\/wp-content\/uploads\/2023\/03\/logo-papelarte.png","width":568,"height":230,"caption":"Papelarte"},"image":{"@id":"https:\/\/papelarte.com.uy\/minorista\/minorista\/#\/schema\/logo\/image\/"}}]}},"_links":{"self":[{"href":"https:\/\/papelarte.com.uy\/minorista\/wp-json\/wp\/v2\/product\/1285","targetHints":{"allow":["GET"]}}],"collection":[{"href":"https:\/\/papelarte.com.uy\/minorista\/wp-json\/wp\/v2\/product"}],"about":[{"href":"https:\/\/papelarte.com.uy\/minorista\/wp-json\/wp\/v2\/types\/product"}],"replies":[{"embeddable":true,"href":"https:\/\/papelarte.com.uy\/minorista\/wp-json\/wp\/v2\/comments?post=1285"}],"wp:featuredmedia":[{"embeddable":true,"href":"https:\/\/papelarte.com.uy\/minorista\/wp-json\/wp\/v2\/media\/8468"}],"wp:attachment":[{"href":"https:\/\/papelarte.com.uy\/minorista\/wp-json\/wp\/v2\/media?parent=1285"}],"wp:term":[{"taxonomy":"product_brand","embeddable":true,"href":"https:\/\/papelarte.com.uy\/minorista\/wp-json\/wp\/v2\/product_brand?post=1285"},{"taxonomy":"product_cat","embeddable":true,"href":"https:\/\/papelarte.com.uy\/minorista\/wp-json\/wp\/v2\/product_cat?post=1285"},{"taxonomy":"product_tag","embeddable":true,"href":"https:\/\/papelarte.com.uy\/minorista\/wp-json\/wp\/v2\/product_tag?post=1285"}],"curies":[{"name":"wp","href":"https:\/\/api.w.org\/{rel}","templated":true}]}}

<h3 class="page-title">Tempera 250ml acrilex</h3>
<ul>
<li>Témpera individual de 250 ml</li>
<li>Colores mezclables entre sí</li>
<li>Solubles en agua. Producto no tóxico</li>
<li>Estimula la creatividad</li>
<li>Se puede aplicar en papel, cartón y cartulina</li>
</ul>

<p>Tempera 250ml acrilex Témpera individual de 250 ml Colores mezclables entre sí Solubles en agua. Producto no tóxico Estimula la creatividad Se puede aplicar en papel, cartón y cartulina</p>

<!-- This site is optimized with the Yoast SEO plugin v26.5 - https://yoast.com/wordpress/plugins/seo/ -->
<title>Tempera 250ml acrilex - Papelarte</title>
<meta name="description" content="Tempera 250ml acrilex" />
<meta name="robots" content="index, follow, max-snippet:-1, max-image-preview:large, max-video-preview:-1" />
<link rel="canonical" href="https://papelarte.com.uy/minorista/minorista/producto/tempera-250ml-acrilex/" />
<meta property="og:locale" content="es_ES" />
<meta property="og:type" content="article" />
<meta property="og:title" content="Tempera 250ml acrilex - Papelarte" />
<meta property="og:description" content="Tempera 250ml acrilex" />
<meta property="og:url" content="https://papelarte.com.uy/minorista/minorista/producto/tempera-250ml-acrilex/" />
<meta property="og:site_name" content="Papelarte" />
<meta property="article:modified_time" content="2024-08-16T11:56:19+00:00" />
<meta property="og:image" content="https://papelarte.com.uy/minorista/minorista/wp-content/uploads/2020/11/29002.jpg" />
	<meta property="og:image:width" content="700" />
	<meta property="og:image:height" content="700" />
	<meta property="og:image:type" content="image/jpeg" />
<meta name="twitter:card" content="summary_large_image" />
<meta name="twitter:label1" content="Tiempo de lectura" />
	<meta name="twitter:data1" content="1 minuto" />
<script type="application/ld+json" class="yoast-schema-graph">{"@context":"https://schema.org","@graph":[{"@type":"WebPage","@id":"https://papelarte.com.uy/minorista/minorista/producto/tempera-250ml-acrilex/","url":"https://papelarte.com.uy/minorista/minorista/producto/tempera-250ml-acrilex/","name":"Tempera 250ml acrilex - Papelarte","isPartOf":{"@id":"https://papelarte.com.uy/minorista/minorista/#website"},"primaryImageOfPage":{"@id":"https://papelarte.com.uy/minorista/minorista/producto/tempera-250ml-acrilex/#primaryimage"},"image":{"@id":"https://papelarte.com.uy/minorista/minorista/producto/tempera-250ml-acrilex/#primaryimage"},"thumbnailUrl":"https://papelarte.com.uy/minorista/wp-content/uploads/2020/11/29002.jpg","datePublished":"2021-03-22T19:25:37+00:00","dateModified":"2024-08-16T11:56:19+00:00","description":"Tempera 250ml acrilex","breadcrumb":{"@id":"https://papelarte.com.uy/minorista/minorista/producto/tempera-250ml-acrilex/#breadcrumb"},"inLanguage":"es","potentialAction":[{"@type":"ReadAction","target":["https://papelarte.com.uy/minorista/minorista/producto/tempera-250ml-acrilex/"]}]},{"@type":"ImageObject","inLanguage":"es","@id":"https://papelarte.com.uy/minorista/minorista/producto/tempera-250ml-acrilex/#primaryimage","url":"https://papelarte.com.uy/minorista/wp-content/uploads/2020/11/29002.jpg","contentUrl":"https://papelarte.com.uy/minorista/wp-content/uploads/2020/11/29002.jpg","width":700,"height":700},{"@type":"BreadcrumbList","@id":"https://papelarte.com.uy/minorista/minorista/producto/tempera-250ml-acrilex/#breadcrumb","itemListElement":[{"@type":"ListItem","position":1,"name":"Portada","item":"https://papelarte.com.uy/minorista/minorista/"},{"@type":"ListItem","position":2,"name":"Productos","item":"https://papelarte.com.uy/minorista/minorista/tienda/"},{"@type":"ListItem","position":3,"name":"Tempera 250ml acrilex"}]},{"@type":"WebSite","@id":"https://papelarte.com.uy/minorista/minorista/#website","url":"https://papelarte.com.uy/minorista/minorista/","name":"Papelarte","description":"Papelería Uruguay","publisher":{"@id":"https://papelarte.com.uy/minorista/minorista/#organization"},"potentialAction":[{"@type":"SearchAction","target":{"@type":"EntryPoint","urlTemplate":"https://papelarte.com.uy/minorista/minorista/?s={search_term_string}"},"query-input":{"@type":"PropertyValueSpecification","valueRequired":true,"valueName":"search_term_string"}}],"inLanguage":"es"},{"@type":"Organization","@id":"https://papelarte.com.uy/minorista/minorista/#organization","name":"Papelarte","url":"https://papelarte.com.uy/minorista/minorista/","logo":{"@type":"ImageObject","inLanguage":"es","@id":"https://papelarte.com.uy/minorista/minorista/#/schema/logo/image/","url":"https://papelarte.com.uy/minorista/wp-content/uploads/2023/03/logo-papelarte.png","contentUrl":"https://papelarte.com.uy/minorista/wp-content/uploads/2023/03/logo-papelarte.png","width":568,"height":230,"caption":"Papelarte"},"image":{"@id":"https://papelarte.com.uy/minorista/minorista/#/schema/logo/image/"}}]}</script>
<!-- / Yoast SEO plugin. -->

Papelería Uruguay
